40?
512
What is the greatest common divisor of 58921058 and 826?
826
Calculate the greatest common divisor of 871 and 126305.
1
Calculate the highest common divisor of 2256 and 95552.
16
What is the highest common factor of 19260 and 4014990?
90
What is the greatest common factor of 229748 and 23?
1
Calculate the greatest common factor of 24 and 903852.
12
What is the highest common factor of 179420 and 490?
10
What is the greatest common divisor of 763 and 2967089?
109
What is the highest common divisor of 88936513 and 129?
43
Calculate the highest common factor of 90653239 and 4321.
149
Calculate the greatest common divisor of 28256718 and 462.
42
Calculate the greatest common divisor of 1068116 and 19684.
1036
Calculate the greatest common divisor of 2709277 and 162329.
599
What is the highest common divisor of 2477105 and 10?
5
Calculate the highest common factor of 221595315 and 267.
267
Calculate the highest common factor of 138 and 12735836.
46
Calculate the highest common divisor of 3066 and 967008.
42
Calculate the highest common factor of 97697703 and 717.
717
What is the highest common divisor of 123 and 26172719?
41
Calculate the greatest common factor of 1293772 and 428.
4
Calculate the greatest common factor of 29655167 and 31302.
1739
Calculate the greatest common factor of 551 and 388217519.
551
What is the highest common divisor of 4830259 and 14?
7
Calculate the greatest common factor of 798025 and 9223525.
3425
Calculate the greatest common divisor of 1074627 and 81.
81
What is the greatest common divisor of 1147 and 135129?
31
Calculate the highest common divisor of 4558356 and 10362.
66
Calculate the highest common factor of 13 and 1867867313.
13
What is the greatest common factor of 240439 and 261?
29
What is the greatest common factor of 585 and 606180?
15
Calculate the greatest common divisor of 452276 and 50854.
1082
What is the greatest common factor of 2915 and 7183?
11
Calculate the greatest common factor of 7280 and 15510040.
3640
Calculate the greatest common divisor of 19548276 and 300.
12
What is the highest common divisor of 20987659 and 385?
77
Calculate the greatest common factor of 12931 and 5280673.
193
What is the highest common factor of 690 and 9009790?
230
Calculate the highest common factor of 67106 and 205088.
754
What is the highest common factor of 66 and 157743630?
66
What is the greatest common factor of 269728 and 8992?
32
Calculate the greatest common divisor of 8684325 and 157950.
2925
What is the greatest common divisor of 26712 and 5014296?
504
Calculate the greatest common divisor of 8331501 and 142203.
1329
Calculate the greatest common divisor of 407387 and 31560.
263
What is the highest common factor of 453768 and 703?
37
What is the greatest common factor of 1935996 and 132?
12
Calculate the greatest common factor of 2545192 and 23374.
26
Calculate the greatest common factor of 426452 and 144.
4
What is the highest common factor of 2852 and 40458932?
92
What is the highest common factor of 14 and 159076022?
14
What is the highest common divisor of 30752519 and 7?
7
What is the highest common factor of 530629 and 9691?
11
Calculate the highest common divisor of 191455 and 2481835.
295
Calculate the highest common factor of 16264 and 144400.
152
Calculate the greatest common factor of 4438 and 5526574830.
4438
Calculate the greatest common divisor of 4949 and 934283.
49
What is the highest common divisor of 3713 and 315699?
47
Calculate the greatest common divisor of 159516428 and 50859.
5651
What is the highest common divisor of 150976 and 1037376?
64
What is the greatest common factor of 90 and 274617414?
18
What is the highest common factor of 509385 and 141665?
145
What is the highest common divisor of 13024 and 64504?
88
What is the highest common divisor of 29533 and 1680?
7
What is the greatest common factor of 6464 and 832422608?
1616
Calculate the greatest common divisor of 5191225 and 1625.
325
What is the greatest common divisor of 1735 and 712391?
347
What is the greatest common factor of 344124408 and 4713?
4713
What is the highest common divisor of 448415 and 372?
31
What is the greatest common divisor of 179 and 4055?
1
What is the highest common divisor of 12773 and 1984153?
241
What is the greatest common divisor of 220915 and 822365?
115
Calculate the highest common divisor of 1023 and 55998555.
93
What is the greatest common divisor of 316 and 328270438?
158
Calculate the highest common divisor of 10769778 and 72.
18
What is the highest common divisor of 63597806 and 92?
46
Calculate the highest common factor of 3084682 and 36002.
766
What is the highest common factor of 536131 and 7033?
541
Calculate the greatest common divisor of 1930919 and 19573.
851
Calculate the greatest common divisor of 1620 and 24274944.
108
What is the greatest common factor of 255818 and 18167?
37
What is the greatest common divisor of 80 and 2506160?
80
What is the highest common divisor of 509744958 and 171?
57
Calculate the greatest common factor of 90 and 58734.
18
Calculate the highest common factor of 28 and 8496180.
28
What is the highest common factor of 206 and 747986?
206
What is the highest common factor of 111437217 and 6519?
159
What is the greatest common factor of 23068869 and 35207?
2071
Calculate the greatest common divisor of 58522912 and 87962.
854
Calculate the greatest common factor of 65584224 and 1380.
276
Calculate the greatest common divisor of 1041552 and 2484.
108
Calculate the greatest common factor of 208156300 and 55.
55
Calculate the greatest common divisor of 38 and 439335727.
19
What is the highest common factor of 2377869 and 78?
39
Calculate the greatest common factor of 22164 and 4668.
12
What is the greatest common divisor of 317343712 and 98?
14
Calculate the greatest common divisor of 68 and 19647818.
34
Calculate the greatest common factor of 17745 and 7235735.
845
What is the highest common divisor of 19931384 and 1522488?
6952
Calculate the greatest common divisor of 11675580 and 105.
105
Calculate the greatest common factor of 13642816 and 448.
64
Calculate the highest common factor of 516900 and 2460.
60
What is the greatest common divisor of 13688 and 51533?
29
What is the greatest common factor of 127965 and 1795?
5
What is the greatest common factor of 5367973 and 536?
67
What is the greatest common divisor of 20 and 662828?
4
Calculate the greatest common divisor of 13123 and 105919.
11
Calculate the highest common divisor of 916642968 and 93.
93
Calculate the greatest common factor of 111762474 and 552.
138
Calculate the greatest common factor of 36309793 and 7771.
409
Calculate the highest common factor of 11970 and 897755985.
5985
What is the greatest common divisor of 13425009 and 156?
39
Calculate the highest common divisor of 3765 and 33598107.
753
What is the greatest common factor of 18743595 and 2964?
741
What is the greatest common divisor of 662695022 and 1606?
1606
What is the greatest common divisor of 240084 and 4670276?
988
What is the greatest common factor of 436020 and 34005?
15
Calculate the greatest common factor of 249643210 and 438.
146
Calculate the highest common divisor of 1048861185 and 30.
15
What is the greatest common divisor of 2386057257 and 2118?
1059
What is the highest common factor of 146590093 and 1521?
169
What is the highest common divisor of 42 and 45670191?
21
What is the greatest common divisor of 25870 and 3349220745?
12935
Calculate the highest common divisor of 516 and 2358765.
129
Calculate the greatest common factor of 50497320 and 420.
60
What is the highest common factor of 1044 and 22935780?
36
Calculate the highest common divisor of 7175 and 69443135.
205
Calculate the greatest common divisor of 90298 and 57569.
23
What is the highest common divisor of 5 and 40330645?
5
Calculate the highest common factor of 632100 and 2548.
196
Calculate the greatest common divisor of 88626134 and 51.
17
Calculate the greatest common factor of 100 and 3726175.
25
What is the greatest common factor of 111 and 4570203?
111
What is the greatest common divisor of 1610 and 3976378?
322
What is the greatest common factor of 24 and 5006922?
6
What is the highest common divisor of 2440 and 39361348?
244
Calculate th